3, 19, 547, 773
List the prime factors of 743515804.
2, 29, 73, 87803
What are the prime factors of 115129125?
3, 5, 102337
What are the prime factors of 2685180037?
347, 7738271
List the prime factors of 171969085.
5, 167, 205951
What are the prime factors of 72981337?
11, 13, 19, 26861
What are the prime factors of 532190775?
3, 5, 131, 54167
What are the prime factors of 46812997?
7, 11, 607961
List the prime factors of 2578302764.
2, 647, 996253
List the prime factors of 1223597490.
2, 3, 5, 349, 116867
List the prime factors of 486797235.
3, 5, 32453149
List the prime factors of 5094751217.
173, 29449429
What are the prime factors of 146322289?
146322289
What are the prime factors of 10159910?
2, 5, 1015991
List the prime factors of 187534133.
3769, 49757
List the prime factors of 68459493.
3, 17, 1342343
List the prime factors of 33462654.
2, 3, 23, 242483
What are the prime factors of 1808592305?
5, 13, 67, 601, 691
List the prime factors of 31705324.
2, 7, 1132333
List the prime factors of 23073299.
29, 239, 3329
What are the prime factors of 826393434?
2, 3, 73, 1886743
List the prime factors of 5737278576.
2, 3, 193, 619309
What are the prime factors of 107573989?
101, 1065089
List the prime factors of 254172934.
2, 113, 1124659
What are the prime factors of 17720123?
149, 118927
What are the prime factors of 97924086?
2, 3, 13, 139493
What are the prime factors of 42146856?
2, 3, 23, 31, 821
What are the prime factors of 101194529?
101194529
List the prime factors of 1253053091.
1019, 1229689
What are the prime factors of 270308816?
2, 16894301
What are the prime factors of 2279234165?
5, 13, 35065141
List the prime factors of 445416080.
2, 5, 5567701
What are the prime factors of 6278259945?
3, 5, 418550663
What are the prime factors of 622595367?
3, 83, 833461
What are the prime factors of 181192033?
11, 16472003
What are the prime factors of 3306385044?
2, 3, 91844029
What are the prime factors of 70883051?
1367, 51853
List the prime factors of 95440123.
83, 1149881
List the prime factors of 286319495.
5, 7, 11, 131, 811
What are the prime factors of 237239192?
2, 563, 52673
List the prime factors of 25728350.
2, 5, 239, 2153
What are the prime factors of 12292920?
2, 3, 5, 34147
List the prime factors of 548720663.
1303, 421121
List the prime factors of 134676518.
2, 1609, 41851
List the prime factors of 246793284.
2, 3, 17, 7907
What are the prime factors of 366279405?
3, 5, 547, 44641
List the prime factors of 326704204.
2, 151, 540901
List the prime factors of 72349821.
3, 353, 7591
What are the prime factors of 847523224?
2, 569, 186187
List the prime factors of 566695157.
7, 137, 590923
List the prime factors of 1803453433.
3079, 585727
List the prime factors of 301674718.
2, 211, 714869
List the prime factors of 135204562.
2, 2677, 25253
List the prime factors of 119873098.
2, 2803, 21383
List the prime factors of 850245398.
2, 53, 229, 35027
What are the prime factors of 79810576?
2, 1471, 3391
List the prime factors of 360227001.
3, 173, 694079
What are the prime factors of 49850181?
3, 1039, 1777
List the prime factors of 6972926.
2, 3486463
What are the prime factors of 1156423702?
2, 7, 82601693
What are the prime factors of 10356725?
5, 414269
What are the prime factors of 102871024?
2, 6429439
List the prime factors of 2180080682.
2, 13, 79, 313, 3391
What are the prime factors of 15927598?
2, 41, 194239
What are the prime factors of 142276365?
3, 5, 7, 11, 13687
List the prime factors of 157343742.
2, 3, 2913773
List the prime factors of 53616544.
2, 181, 9257
What are the prime factors of 208517481?
3, 2237, 10357
What are the prime factors of 102802385?
5, 7, 61, 179, 269
List the prime factors of 4315312.
2, 173, 1559
What are the prime factors of 27246970?
2, 5, 2724697
What are the prime factors of 90441024?
2, 3, 29, 37, 439
What are the prime factors of 127025373?
3, 2713, 15607
List the prime factors of 339734098.
2, 11, 19, 812761
List the prime factors of 3517565.
5, 19, 61, 607
What are the prime factors of 2767596502?
2, 11, 125799841
What are the prime factors of 200938559?
31, 73, 88793
What are the prime factors of 899120313?
3, 7, 13, 37, 29671
What are the prime factors of 239705679?
3, 1447, 55219
List the prime factors of 30103323.
3, 10034441
What are the prime factors of 2908181658?
2, 3, 484696943
What are the prime factors of 19993793?
157, 347, 367
List the prime factors of 1465897685.
5, 7, 197, 433, 491
What are the prime factors of 32630856?
2, 3, 1359619
What are the prime factors of 3207449462?
2, 7, 89, 1237, 2081
What are the prime factors of 184547376?
2, 3, 13, 17, 1933
What are the prime factors of 38143485?
3, 5, 31, 37, 739
What are the prime factors of 29742801?
3, 11, 83, 10859
What are the prime factors of 522813526?
2, 647, 404029
What are the prime factors of 2913487618?
2, 43, 353, 95971
What are the prime factors of 936160632?
2, 3, 11, 394007
What are the prime factors of 99797521?
157, 635653
What are the prime factors of 57374938?
2, 37, 53, 14629
What are the prime factors of 811889422?
2, 405944711
What are the prime factors of 288691153?
288691153
List the prime factors of 78062757.
3, 251, 103669
What are the prime factors of 353065615?
5, 7, 79, 127691
What are the prime factors of 39371402?
2, 7, 43, 9343
What are the prime factors of 7614558256?
2, 19, 821, 30509
What are the prime factors of 409829855?
5, 151, 542821
List the prime factors of 4631355804.
2, 3, 59, 241, 27143
What are the prime factors of 779568707?
779568707
What are the prime factors of 220271294?
2, 19, 353, 16421
What are the prime factors of 1792000927?
139, 12892093
What are the prime factors of 59574815?
5, 11914963
List the prime factors of 209965278.
2, 3, 29, 503, 2399
What are the prime factors of 2108667704?
2, 11, 13, 1843241
List the prime factors of 81615339.
3, 13, 23, 2333
What are the prime factors of 4023679102?
2, 17, 118343503
What are the prime factors of 81640754?
2, 13, 23, 136523
List the prime factors of 55574322.
2, 3, 9262387
What are the prime factors of 18477515?
5, 7, 527929
List the prime factors of 42523798.
2, 307, 69257
What are the prime factors of 324412434?
2, 3, 883, 20411
List the prime factors of 37173631.
11, 1789, 1889
What are the prime factors of 7533671909?
53, 142144753
What are the prime factors of 534045090?
2, 3, 5, 41, 449, 967
What are the prime factors of 790272611?
790272611
What are the prime factors of 3576801291?
3, 7, 170323871
What are the prime factors of 140007874?
2, 53, 223, 5923
List the prime factors of 51124158.
2, 3, 29, 37, 2647
What are the prime factors of 1041216626?
2, 520608313
List the prime factors of 471754277.
4889, 96493
List the prime factors of 107213871.
3, 137, 260861
List the prime factors of 50216780.
2, 5, 1051, 2389
What are the prime factors of 34264094?
2, 17132047
List the prime factors of 1819691564.
2, 454922891
List the prime factors of 928061941.
337, 1201, 2293
List the prime factors of 18724839.
3, 7, 891659
List the prime factors of 33961828.
2, 8490457
List the prime factors of 159320123.
159320123
What are the prime factors of 179747989?
79, 139, 16369
List the prime factors of 79568288.
2, 2486509
What are the prime factors of 58511244?
2, 3, 11, 59, 683
List the prime factors of 97463360.
2, 5, 61, 4993
List the prime factors of 888611176.
2, 5591, 19867
What are the prime factors of 41164465?
5, 67, 103, 1193
What are the prime factors of 121281213?
3, 17, 439, 5417
What are the prime factors of 2652410462?
2, 13, 23, 4435469
What are the prime factors of 64627965?
3, 5, 17, 84481
List the prime factors of 456950.
2, 5, 13, 19, 37
What are the prime factors of 1530963617?
1530963617
List the prime factors of 45025706.
2, 11, 19, 107717
List the prime factors of 431414067.
3, 7, 20543527
What are the prime factors of 8317626492?
2, 3, 7, 31, 37, 131, 659
What are the prime factors of 2974334991?
3, 991444997
What are the prime factors of 7744935?
3, 5, 11, 73, 643
What are the prime factors of 5993832984?
2, 3, 29, 8611829
List the prime factors of 480074895.
3, 5, 10668331
What are the prime factors of 134343686?
2, 631, 106453
What are the prime factors of 34705962?
2, 3, 683, 941
List the p